emainder when 1087 is divided by (9 + -1)*(680/h)/17?
7
Let i(o) = o**2 - o + 41. Let r(s) = -2*s. Let l(y) = i(y) - r(y). Let v = -3 + 28. What is the remainder when l(7) is divided by v?
22
Let n = -13116 - -13594. Calculate the remainder when n is divided by 8.
6
Let a(k) = -40*k + 3. Let c be a(0). Calculate the remainder when 60 is divided by (-1338)/(-42) + (12/28)/c.
28
Let h = -154 - -233. Let z(y) = -6*y - 162. What is the remainder when h is divided by z(-35)?
31
Let b(t) = 7*t**3 + 4. Let u be b(2). Suppose 127 = 11*k - u. Let o(y) = -5*y**3 - 4*y**2 - 4. What is the remainder when o(-3) is divided by k?
10
Suppose -57*i + 65*i - 344 = 0. Let x(v) = -v**3 + v**2 + 2*v - 1. Let a be x(-2). What is the remainder when (-6)/a*2499/(-17) is divided by i?
40
Suppose -4*s = 4*f - 8, 5*s - 9*f - 8 = -13*f. Suppose 24*t - 918 + 294 = s. Let c(y) = 5*y**2 - 3*y + 2. Calculate the remainder when t is divided by c(2).
10
What is the remainder when ((-1293)/(-6) - 0) + -2*(-21)/(-28) is divided by 15?
4
Suppose -148 = -7*m - 120. Calculate the remainder when (m + 11)*(4 + -1) is divided by 1 + -1 + (0 - -12).
9
Let w(c) = -c**3 + 11*c**2 + 2. Let t be w(11). Suppose -2*h - t = -4*u, -3*h - 5 = -u - 2. What is the remainder when 38 is divided by -21*(u - (-8)/(-12))?
10
Let o(r) = -11*r + 34. Let d be o(-18). Calculate the remainder when d + 60/(-21) + (-1)/7 is divided by 11.
9
Let d be 5*4/20 + -1. Suppose -26*b + 24*b + 54 = d. What is the remainder when 293 is divided by b?
23
Let t be (-16)/(-168)*-6 + 3/(-7). Let d(o) = 18*o**2 + 6*o + 1. What is the remainder when 142 is divided by d(t)?
12
Let b(s) = s + 56. Let h be b(16). Suppose 0 = -646*v + 640*v + h. What is the remainder when (-2 - (-62)/1) + -2 is divided by v?
10
Suppose 11*d = h + 13*d - 93, 3*d = -3*h + 294. Calculate the remainder when h is divided by 14.
5
Let h be 1*-7*(-4 - (-110)/35). Suppose 0*m + h = 3*m. Suppose 3*p = m*q - 0*p, -4*p = -4*q + 8. What is the remainder when 28 is divided by q?
4
Let p be (153/(-6) + 0)*2. Let c = p - -158. Suppose -w = -5*v - 11, 18*w - 20*w + 2*v + 62 = 0. What is the remainder when c is divided by w?
35
Let f(k) = -264*k + 419. Calculate the remainder when f(-16) is divided by 166.
161
Suppose -5*k + 12 = -7*k. What is the remainder when -66*((-30)/4 - k) is divided by 17?
14
Let t(b) = -3*b**3 - 9*b**2 - 21*b + 5. Suppose 0 = 3*a - 0*a - 12. What is the remainder when t(-2) is divided by a?
3
Let r = -7 + 33. Let y = r - 16. Suppose 14 = -y*m + 11*m. Calculate the remainder when 53 is divided by m.
11
Let k be -20*((-6)/40 - 12/20). Let h(r) = 20*r - 8. Calculate the remainder when h(k) is divided by 59.
56
Suppose 4*h = 2*u + 3709 + 12883, 3*h - 12483 = -5*u. Calculate the remainder when h is divided by 67.
64
Let u = -13865 - -13916. What is the remainder when u is divided by 37?
14
Let c = -76 - -127. Let t = 57 - c. Suppose 5*s - 18 = -b, -4*b + 72 = t*s - 2*s. Calculate the remainder when 35 is divided by b.
17
Suppose -7*l + 3*l - 5*h + 1891 = 0, 2*l = 4*h + 952. Calculate the remainder when l is divided by 117.
6
Let o = 205307 + -205089. Suppose 2*j - 3*j = -3*q - 68, -2*j - q + 115 = 0. Calculate the remainder when o is divided by j.
41
Let t = 135 + -71. Let b = 105 + -105. Suppose 4 = n + 5*i - 4, b = 5*n + 4*i - 103. What is the remainder when t is divided by n?
18
Let n(u) = -3*u - 55. Let x be n(-20). Let o be (10/x + -4)*-49. Suppose -4*a + o = -2*a + 4*v, 0 = a + 4*v - 45. What is the remainder when a is divided by 27?
26
Let l(i) = 7*i**3 + 10*i**2 - 4*i - 11. Suppose -55 = 6*z + 5*z. Let t be l(z). What is the remainder when (-1)/(-5 - t/124) is divided by 6?
1
Suppose 88*z = 90*z - 284. Suppose 2*i - z = 4*j, 0*j + 15 = -5*j. Calculate the remainder when i is divided by 18.
11
Let g(q) = -q**2 - 13*q - 119. Let v be g(0). Let w = 172 + v. What is the remainder when w is divided by 31?
22
Suppose -l = o - 27, -4*l + 20 = -3*o - 88. Let r be -1 + (-22)/(-26) - (-213018)/507. Suppose 14*k = 42*k - r. What is the remainder when l is divided by k?
12
Let r(t) = -t**2 + 71*t + 930. Calculate the remainder when 50 is divided by r(-11).
22
Let i(l) = 2*l**2 + l - 9. What is the remainder when i(-4) is divided by 111/(-407) - (-80)/11?
5
Suppose 4 = 230*z - 234*z. Let u(i) = -219*i + 11. Calculate the remainder when u(z) is divided by 29.
27
Suppose 5*b = 0, -11*z - 14*z + 365 = -20*z - 5*b. What is the remainder when 147 is divided by z?
1
Let x(c) = -c**2 + 19*c - 46. Let w be x(16). Suppose w*r + 1 = -5*u + 78, 2*r = -8. What is the remainder when 114 is divided by u?
12
Calculate the remainder when 250 is divided by 72/12 - (-1 + (-120 - 3)).
120
Calculate the remainder when 7 + 1 + 12208/35 + 18/15 is divided by 358.
0
Let v(o) = -3*o**3 - 2*o**2 + 4*o + 4. Let c be v(-2). Let r = -24 + c. Let u = -8 - r. Calculate the remainder when 7 is divided by u.
3
Let f(c) = 4*c + 60. Let t be f(7). Suppose t = -z + 3*z. Calculate the remainder when z is divided by 26.
18
Let y(s) = s + 54. Let z be y(6). What is the remainder when 47 + ((-1)/(-1) - 1) is divided by 675/z + 6/8?
11
Let b(j) = 128*j**2 + 31*j + 101. What is the remainder when b(-3) is divided by 22?
16
Let i(y) = -20*y + 10. Let o be i(-7). Suppose 110 + o = 4*z. Suppose -2*b - 42 = -4*p - 128, -b + 28 = p. Calculate the remainder when z is divided by b.
32
Let t = -1156 - -1206. Suppose g + 4*g - 3*z - 99 = 0, 3*g + 3*z - 45 = 0. What is the remainder when t is divided by g?
14
Suppose 5*l = 2*k + 75, 3*l - 2*k - 58 = -13. Calculate the remainder when 33 is divided by l.
3
Let r(x) = -10*x - 45. Let t be r(11). Let o = t - -168. Calculate the remainder when 102 is divided by o.
11
Let p = 13929 + -13922. Let l = -6 - -7. Calculate the remainder when (l - -32) + (-2 - 0) is divided by p.
3
Let c(z) = 348*z + 105. Let v be c(2). Let i = -715 + v. Calculate the remainder when i is divided by 29.
28
Suppose 0 = -2*u + 8 - 4. Suppose -u*y + 26*y - 13656 = 0. Calculate the remainder when y is divided by 115.
109
Suppose 11*y - 13*y + 42 = 0. Let j(p) = -4*p - 60. Suppose 8*q + 0*q = -128. Calculate the remainder when y is divided by j(q).
1
Let r = 13675 - 13487. What is the remainder when 562 is divided by r?
186
Let d = -41390 + 41761. Calculate the remainder when d is divided by 332.
39
Suppose 0 = -5*x + 2*b + 581, 19*b - 15*b - 476 = -4*x. What is the remainder when x is divided by 35?
12
Suppose -275 = 9*c - 4*c. Let s = 71 + c. Let z = s - 8. What is the remainder when 11 is divided by z?
3
Suppose 0 = 201*o - 477492 + 17403. What is the remainder when o is divided by 763?
0
Let u = -200 + 398. Suppose -5*c + u = 38. What is the remainder when 62 is divided by c?
30
Let b(s) be the first derivative of s**4/4 - 16*s**3/3 - s**2 + 33*s + 37. What is the remainder when b(17) is divided by 58?
56
Suppose -18 - 4 = -11*u. Suppose u*h + w = 8 + 30, 12 = h - 3*w. Calculate the remainder when h is divided by 13.
5
Suppose 8*a + 20 = 10*a. Let t be 2 + 1/(-3) + a/3. Calculate the remainder when ((-2)/4)/(30/(-504))*t is divided by 11.
9
Suppose 14*s = 13*s - 520. Let v = s - -1059. Calculate the remainder when v is divided by 15.
14
Let v be ((-22)/(-8))/((-1)/1612). Calculate the remainder when 289 is divided by 4/10 - v/155.
28
Suppose 4*o - 111 = 5. Suppose -8 = -31*h + o*h. Suppose 37 = 5*t + h*w + 1, 24 = 2*t + 4*w. Calculate the remainder when 5 is divided by t.
1
Let v = -167 - -161. Let w(u) = u**3 + 7*u**2 + 6*u + 15. Calculate the remainder when 20 is divided by w(v).
5
Let a(x) = 39*x**2 - 129*x + 128. Calculate the remainder when 800 is divided by a(1).
2
Suppose 5*q = 4*l + 27 + 11, -3*q = 2*l + 30. Let g(h) = h**2 + 14*h + 28. Let a be g(l). Suppose -a = -c - 0. Calculate the remainder when 12 is divided by c.
0
Suppose -52*v + 187814 = -87110. What is the remainder when v is divided by 41?
39
Suppose 5*t = -5, 5*q + 0*q = -5*t + 1475. Calculate the remainder when q is divided by 48.
8
Suppose -34*n + 6 = -32*n. Suppose 2*a - 2*y = 2*y - 6, 2*a = n*y - 2. Suppose 6*o = 8 + 46. Calculate the remainder when o is divided by a.
4
Let r = -34515 + 34637. Calculate the remainder when r is divided by 77.
45
Let j be (-9)/(-15) + (-234819)/65. Calculate the rema